ermine y(-9).
3
Let x(l) = 44*l + 1028. What is x(-23)?
16
Let i(d) = d**3 + 56*d**2 + 59*d + 234. Determine i(-55).
14
Let y(g) = 45*g**2 + 314*g - 16. Determine y(-7).
-9
Let y(n) = -2*n**2 + 6. Determine y(4).
-26
Let v(f) = -6*f**2 - 24*f - 13. Determine v(-5).
-43
Let t(c) = 2*c**2 - 7*c + 38. Give t(5).
53
Let d(x) = 9*x - 117. Give d(16).
27
Let x(q) = q**3 + 18*q**2 + 24*q - 34. Give x(-17).
-153
Let d(f) = 5*f - 180. What is d(31)?
-25
Let w(y) = -y**2 + 122*y - 2194. What is w(100)?
6
Let i(f) = -8*f**3 - 74*f**2 + 6*f + 28. Give i(-10).
568
Let w(v) = v**3 + 32*v**2 + 187*v + 15. Determine w(-11).
499
Let g(i) = 271*i - 1190. Calculate g(4).
-106
Let o(s) = -s**2 - 7*s + 55. What is o(-13)?
-23
Let j(y) = -95*y + 389. Calculate j(3).
104
Let n(q) = -2*q**3 - 65*q**2 - 152*q - 64. Give n(-30).
-4
Let j(g) = -372*g - 10763. Determine j(-29).
25
Let v(k) = 135*k - 1593. Give v(12).
27
Let n(t) = t**2 - 32*t + 353. Give n(21).
122
Let r(n) = 5699*n + 51274. What is r(-9)?
-17
Let j(o) = -10*o + 3. Give j(-1).
13
Let h(m) = 27*m + 148. Calculate h(3).
229
Let r(o) = 29*o + 1173. What is r(-41)?
-16
Let m(v) = 3213*v + 70670. What is m(-22)?
-16
Let h(o) = 15*o**2 + 4098*o + 809. Determine h(-273).
-10
Let l(n) = -n**3 + 10*n**2 + 13*n - 24. What is l(10)?
106
Let p(i) = i**2 - 25*i + 123. Determine p(12).
-33
Let o(d) = -39*d - 1364. Determine o(-35).
1
Let g(d) = -662*d**2 + 11918*d - 37. What is g(18)?
-1
Let u(k) = 2*k**2 - 508*k + 38. Give u(0).
38
Let f(m) = 17*m**3 + 103*m**2 + 8*m + 17. Determine f(-6).
5
Let c(q) = -q**3 - q**2 - 9*q + 14. Determine c(-6).
248
Let x(f) = f**2 + 13*f - 108. Give x(-17).
-40
Let u(r) = r**3 + 41*r**2 + 47*r + 325. What is u(-40)?
45
Let g(y) = -2*y**2 - 47*y + 73. Calculate g(-25).
-2
Let z(t) = 42*t - 3399. Determine z(81).
3
Let q(b) = 70*b - 800. What is q(11)?
-30
Let z(x) = 11*x + 464. Calculate z(-41).
13
Let q(x) = 4*x**3 + 5*x**2 - 16*x + 1. Determine q(-3).
-14
Let h(q) = -68*q + 129. Determine h(2).
-7
Let u(k) = -k**3 + 6*k**2 + 55*k - 16. Calculate u(11).
-16
Let f(o) = -o**2 + 8*o + 342. Determine f(-19).
-171
Let j(a) = -3*a + 4. What is j(-10)?
34
Let i(n) = 3*n**2 - 384*n + 3867. Give i(11).
6
Let j(z) = -z**2 + 50*z - 626. Calculate j(21).
-17
Let h(v) = -35*v**2 + 420*v + 462. What is h(13)?
7
Let b(l) = l**2 + 31*l + 187. Give b(-22).
-11
Let s(i) = -4*i**3 - 11*i**2 + 2*i - 23. Calculate s(-3).
-20
Let z(l) = 283*l**2 + 17*l - 15. Calculate z(1).
285
Let u(g) = -g**2 + 13*g + 35. What is u(18)?
-55
Let x(d) = 1793*d - 7172. Determine x(4).
0
Let j(n) = -2*n**2 + 34*n - 15. What is j(16)?
17
Let z(p) = 2*p**3 - 14*p**2 - 45*p + 319. Calculate z(7).
4
Let f(j) = j**3 + 91*j**2 + 169*j - 806. Calculate f(-89).
-5
Let x(z) = 2*z**3 - 393*z**2 - 198*z + 199. Give x(197).
2
Let q(g) = -g**2 - 80*g + 224. Calculate q(3).
-25
Let g(r) = -172*r - 1220. What is g(-7)?
-16
Let x(r) = 656*r + 4586. Give x(-7).
-6
Let w(k) = 510*k - 13815. Give w(27).
-45
Let y(x) = 3*x**2 + 139*x - 9. What is y(-46)?
-55
Let p(m) = -m**3 - 13*m**2 + 155*m - 81. Calculate p(-21).
192
Let m(h) = -138*h - 14219. Determine m(-103).
-5
Let h(j) = -10*j**2 + 75*j - 52. Calculate h(7).
-17
Let p(a) = 64*a - 491. What is p(8)?
21
Let r(m) = -22*m + 454. Determine r(8).
278
Let f(l) = 100*l + 697. Determine f(-7).
-3
Let q(b) = -91*b - 795. Give q(-9).
24
Let b(w) = -w**3 + 33*w**2 - 143*w + 54. Give b(28).
-30
Let k(u) = -9*u + 167. Determine k(12).
59
Let o(i) = 41*i + 225. Calculate o(-13).
-308
Let o(w) = -w**3 - 14*w**2 - 15*w + 6. Calculate o(-13).
32
Let i(h) = h**2 - 200*h + 2069. Give i(11).
-10
Let w(a) = -a**3 + 35*a**2 - 110*a + 2519. Calculate w(34).
-65
Let b(l) = -7*l - 24. Determine b(-8).
32
Let z(q) = q**3 - 156*q**2 + 1719*q + 114. What is z(12)?
6
Let t(d) = -240*d - 5972. What is t(-25)?
28
Let d(o) = -15*o**2 - 20*o + 4. Give d(-2).
-16
Let t(l) = 45*l + 2411. What is t(-54)?
-19
Let y(d) = -d**2 + 3*d - 74. Give y(12).
-182
Let b(a) = a**3 + 1. Calculate b(-2).
-7
Let i(g) = -g**3 + 7*g**2 - 13*g + 181. Give i(8).
13
Let k(d) = 2*d**3 + 29*d**2 - 5*d + 124. Calculate k(-15).
-26
Let b(m) = m**3 - 45*m**2 - 57*m - 50. Give b(46).
-556
Let g(r) = 212*r + 1516. Give g(-7).
32
Let h(g) = 183*g**2 - 733*g + 12. Give h(4).
8
Let i(b) = 3*b**2 + 63*b - 15. Calculate i(-21).
-15
Let p(d) = -2*d**3 + 19*d**2 - 7*d + 1. Give p(9).
19
Let y(d) = 2*d**2 + 47*d - 40. What is y(0)?
-40
Let c(m) = -2*m**3 - 86*m**2 + 9*m + 10. Calculate c(-43).
-377
Let m(n) = 345*n + 50021. Calculate m(-145).
-4
Let l(k) = k**2 - 70*k + 401. Determine l(6).
17
Let w(p) = -48*p**2 - 462*p + 167. What is w(-10)?
-13
Let c(q) = q**2 - 320*q - 1294. Give c(-4).
2
Let l(j) = -10*j - 182. Give l(0).
-182
Let g(f) = -f**3 + 8*f**2 - 6*f - 60. What is g(6)?
-24
Let p(d) = -101*d**2 - 1109*d. Determine p(-11).
-22
Let u(o) = -2795*o - 25147. Determine u(-9).
8
Let l(r) = 2*r**2 + 32*r + 11. What is l(0)?
11
Let k(p) = p**2 - 192*p + 1136. What is k(186)?
20
Let j(d) = d**3 + 16*d**2 + 6*d + 43. Give j(-16).
-53
Let i(h) = -2*h**3 + 3*h**2 + 15*h + 27. What is i(-2)?
25
Let s(u) = u**2 + 6*u + 1. Calculate s(1).
8
Let w(d) = -7*d + 123. Determine w(-11).
200
Let w(l) = 73*l + 694. What is w(-9)?
37
Let l(p) = 4*p**2 - 15*p - 12. Calculate l(8).
124
Let r(s) = -s**3 - s**2 + 24*s + 58. Determine r(-4).
10
Let h(f) = -2*f**2 - 844*f + 7755. Calculate h(9).
-3
Let b(d) = -25*d - 854. What is b(-35)?
21
Let r(p) = 1819*p**2 - 9094*p - 5. Calculate r(5).
0
Let b(r) = 42*r**2 + 4227*r - 1506. Calculate b(-101).
9
Let a(b) = -b**3 - 19*b**2 + 52*b - 40. Calculate a(-22).
268
Let r(f) = 6*f**2 + 13*f - 233. Determine r(-7).
-30
Let s(p) = -2*p**2 - 3*p + 65. Calculate s(-8).
-39
Let k(t) = t**3 - 92*t**2 - 179*t - 853. Give k(94).
-7
Let c(y) = -y**2 + 71*y - 972. Give c(19).
16
Let x(a) = 7*a**2 + 229*a - 456. Determine x(2).
30
Let s(z) = 6*z**2 - 231*z + 10. Determine s(38).
-104
Let a(k) = 139*k - 471. Calculate a(6).
363
Let p(l) = -430*l + 1060. Calculate p(4).
-660
Let m(p) = p**2 + 152*p + 408. Determine m(0).
408
Let o(r) = 513*r + 3594. What is o(-7)?
3
Let w(n) = -n**3 + 6*n**2 + 6*n + 16. Give w(8).
-64
Let m(l) = l**2 - 289*l + 4373. Calculate m(16).
5
Let x(z) = -z**3 - 6*z**2 + 82*z - 387. Determine x(-14).
33
Let t(k) = -k**2 - 808*k - 37897. What is t(-50)?
3
Let r(l) = -6*l**3 - 38*l**2 - 4*l + 53. Give r(-6).
5
Let y(k) = 9*k**3 - 5*k**2 - 14*k - 6. What is y(-1)?
-6
Let w(k) = 268*k**2 + 16615*k - 43. Calculate w(-62).
19
Let g(l) = 2*l**2 - 18*l + 2. Give g(9).
2
Let v(f) = -f**3 + 13*f**2 - 343*f + 3522. Calculate v(11).
-9
Let q(c) = 4*c**3 + 136*c**2 - 141*c - 96. Determine q(-35).
-61
Let i(r) = 158*r + 167. Calculate i(-1).
9
Let i(a) = a**3 + 563*a**2 - 8671*a + 15. Calculate i(15).
0
Let n(k) = 2*k**2 + 57*k + 10. Determine n(-29).
39
Let p(n) = n**3 - 35*n**2 + 282*n + 86. What is p(22)?
-2
Let a(u) = 3*u - 122. Determine a(12).
-86
Let j(k) = -2*k**3 + 13*k**2 + 24*k - 17. Give j(8).
-17
Let n(u) = u**2 + 484*u + 22477. Determine n(-52).
13
Let p(x) = x**2 - 116*x - 238. What is p(-2)?
-2
Let i(m) = m**3 - 4*m**2 + 6*m + 4. Calculate i(3).
13
Let r(k) = -k**3 - 77*k**2 - 147*k + 229. Give r(-75).
4
Let x(u) = -48*u - 1245. Calculate x(-17).
-429
Let g(m) = 103*m - 31. Give g(1).
72
Let g(n) = -288*n - 800. Calculate g(-3).
64
Let l(s) = -72*s + 246. Determine l(4).
-42
Let w(g) = -52*g - 5. Calculate w(-3).
151
Let t(o) = 15*o**2 + 26*o - 77. Determine t(3).
136
Let g(h) = -2*h**3 - 14*h**2 - 35*h - 44. Calculate g(-10).
906
Let v(r) = -r + 48. Give v(-24).
72
Let q(o) = -79*o + 204. What is q(2)?
46
Let n(l) = -234*l - 4459. Give n(-19).
-13
Let k(y) = 38*y + 2869. What is k(-68)?
285
Let w(j) = 5*j**3 + 89*j**2 - 15*j + 62. Determine w(-18).
8
Let b(m) = 42*m**2 - 25*m - 25. What is b(-1)?
42
Let q(m) = -m**2 - 86*m + 416. Calculate q(5).
-39
Let k(r) = -r**3 + 14*r**2 - 8. Determine k(0).
-8
Let f(p) = 47*p - 106. What is f(4)?
82
Let k(s) = -150*s - 2407. Calculate k(-16).
-7
Let j(y) = 7330*y - 190584. Give j(26).
-4
Let t(v) = -v**2 + 12*v + 15. Calculate t(-2).
-13
Let w(a) = -406*a - 2437. Calculate w(-6).
-1
Let h(i) = -33*i + 783. Determine h(21).
90
Let n(q) = 40*q - 3380. Determine n(86).
60
Let